Let n(g) = 44*g**2 + 2*g - 2. What is the remainder when n(1) is divided by 12?
8
Let u = 45 - 19. Let l = 4 - -5. Calculate the remainder when u is divided by l.
8
Suppose 0 = -2*u + u + 2. Suppose -u*q - x + 149 = 2*q, 3*q + 5*x = 133. Calculate the remainder when q is divided by 1/(-2)*(-38 + 0).
17
Let q(t) = -t**2 + 26*t - 21. What is the remainder when q(22) is divided by 17?
16
Suppose 43 = q - 3*v, -q - 5*v + 39 = -7*v. What is the remainder when q is divided by 4?
3
Suppose 3*p = 6*p - 18. Suppose -66 = -0*t - 3*t. Calculate the remainder when t is divided by p.
4
Suppose -5*o - 2*x + 39 = -0*x, 2*o - 9 = -3*x. What is the remainder when 24 is divided by o?
6
Suppose 5*y = 6*y. Let t(h) = -h + 12. Let w be t(y). Suppose 3*k = 168 - w. What is the remainder when k is divided by 18?
16
Suppose -3 = -4*v + 1. Let p be (2/(-5))/(v/(-5)). Suppose p*a + 0*a - 31 = -x, 0 = -3*a - 5*x + 36. What is the remainder when a is divided by 6?
5
Suppose y - 2 - 1 = 0. Let t(g) = 2*g**2 + 4*g - 2. Calculate the remainder when t(y) is divided by 10.
8
Suppose -2*v + 3*d + 23 = 0, 0*v - 4*v = 3*d - 55. What is the remainder when v is divided by 6?
1
Let r = 33 + 22. Suppose 6*z - 5*z = r. Calculate the remainder when z is divided by 15.
10
Calculate the remainder when (-44)/(-7) + 2/(-7) is divided by 7 - (3 - (0 + -2 + 1)).
0
Let w = -1 - -5. What is the remainder when 4 is divided by w?
0
Suppose -v - 4 = 3*v. Let m = v + 3. Calculate the remainder when 29 is divided by ((-10)/(-7))/(m/14).
9
Suppose -y - 1 - 3 = 0. Let j(s) = -2*s - 5. Calculate the remainder when 5 is divided by j(y).
2
Let r(y) = 7*y**2 + 4. Let n(f) = f**2 + 1. Let d(h) = -5*n(h) + r(h). Suppose 2*g = 4*g - 6. What is the remainder when g is divided by d(-1)?
0
Let z(x) = -x**3 + 9*x**2 - 7*x - 7. Calculate the remainder when z(7) is divided by 15.
12
Calculate the remainder when 23 is divided by (-8)/(-16) - (-11)/2.
5
Let l = 0 - -5. Let p(k) = 4*k - 1. What is the remainder when p(l) is divided by 11?
8
Let s(d) = 9*d - 1. Let y be s(-4). Let v = -24 - y. What is the remainder when 49 is divided by v?
10
Suppose 24 = 4*o - 2*o. What is the remainder when o/(-7)*7/(-2) is divided by 2/(3/(-12)*-2)?
2
Suppose 51 = a - 2*r + 18, 5*r - 12 = -a. Suppose p - 4 = a. What is the remainder when p is divided by -1*2*22/(-4)?
9
Suppose 3*b - 21 = -5*p - 0*b, -3*p - 3*b = -9. Let u = -2 + p. Calculate the remainder when 6 is divided by u.
2
Suppose 3*u = -3*a + 240, -4*a = 5*u - 591 + 190. Calculate the remainder when u is divided by 14.
11
Let t(i) = -i**2 + 5*i + 20. Calculate the remainder when 58 is divided by t(7).
4
Suppose -2*n + 127 = 13. Suppose 5*h = 53 + n. Calculate the remainder when h is divided by 12.
10
Suppose 5*g - 48 = 57. Suppose -x + g = 2*x. Let i = -1 + 4. Calculate the remainder when x is divided by i.
1
Let l(s) = 6*s**2 + 1. Let h(y) = 2*y - 11. Let x be h(5). What is the remainder when 12 is divided by l(x)?
5
Let s = 58 - 29. What is the remainder when s is divided by 4/26 - (-640)/65?
9
Suppose -6*r = -3*r - 36. Calculate the remainder when (16/(-18))/(-4) - 3703/(-63) is divided by r.
11
Let l(w) = -31*w**2 - 6*w - 4. Let g be l(-6). Calculate the remainder when g/(-28) + 2/7 is divided by 2/4 - (-19)/2.
9
Let g(c) = 3*c + 2. What is the remainder when 23 is divided by g(1)?
3
Suppose 0 = -5*s - v + 60, -2*s + v + 30 = -1. Calculate the remainder when 101 is divided by s.
10
Suppose -4 = -3*o - 1. What is the remainder when o is divided by (-2)/7 - (-27)/21?
0
Let j(u) = -u**3 + 2*u**2 - u + 2. Let l be j(2). Suppose i - 2 = l, -y + 65 = 4*i - i. What is the remainder when y is divided by 20?
19
Let m(y) = -y + 10. What is the remainder when 9 is divided by m(7)?
0
Suppose -4*l - 2 = -5*l. What is the remainder when -5*(-3 + 3 + -1) is divided by l?
1
Let v be 1/(3/(-6)) + 7. Suppose 4*h = -3*m + 4*m + 47, -h + v*m - 12 = 0. Suppose 3*l = -l + 148. What is the remainder when l is divided by h?
11
Suppose 4*k - 78 = -6*o + 3*o, o = -5*k + 103. Suppose 40*p + 18 = 46*p. Suppose 2*m - k = -p. What is the remainder when 24 is divided by m?
6
Suppose p - 12 = -3*p + 4*v, -4*v = 5*p - 24. Suppose 4*w = -0*w - p. What is the remainder when 1 is divided by 1/(-3*w/3)?
0
Let d = 27 + -17. Suppose 3*x = -3*t + 6, -5*t - 8*x = -4*x - d. Calculate the remainder when 3 is divided by t.
1
Suppose -3*z - j - 28 = 0, 4*z + 4*j = -1 - 31. Suppose 2*p - 21 = -u - 1, 0 = 2*p. Let o = z + u. What is the remainder when o is divided by 4?
2
Suppose -b + 8 = 3*b. What is the remainder when -1*4*-1*2 is divided by (-3)/(-3) - -2*b?
3
Let j(d) = -d. Suppose 4*v + v + 10 = 0, 5*v + 6 = -4*l. Calculate the remainder when j(-3) is divided by l.
0
Let s be (-2)/12 - 23/6. Let i(w) = -4*w - 2. Calculate the remainder when i(s) is divided by 5.
4
Let s = 124 + -39. What is the remainder when s is divided by 43?
42
Let i = 57 + -38. Calculate the remainder when 35 is divided by i.
16
Let s(v) = -v**3 + v**2 - 1. Let r be s(1). Let f = 13 - 14. Calculate the remainder when 2 is divided by f/r*-1 - -2.
0
Suppose -22 = -2*q + 4*h, -2*h = 7*q - 4*q - 57. Calculate the remainder when 22 is divided by q.
5
Let r = 23 + -12. What is the remainder when r is divided by (-7)/21 + 38/6?
5
Suppose 0 = -4*n + 230 - 18. Let f = -18 + 32. Calculate the remainder when n is divided by f.
11
Let a(s) = 2*s**2 + 3. Suppose d + d - 2 = 0. Let o be (d/(-2))/(3/18). Calculate the remainder when a(o) is divided by 11.
10
Let x(h) = h**2 + 4*h. Let g be x(-4). Suppose 0 = 3*q - g - 12. Suppose 3*y = 4*a + 34, 2*a = -2*a - 4. What is the remainder when y is divided by q?
2
Let o(y) = 5*y - 55. Calculate the remainder when 174 is divided by o(16).
24
Let o be (0 - 2)*(-5 + -3). Let z = o + -1. What is the remainder when 59 is divided by z?
14
Suppose 17 = 3*o + 5. Calculate the remainder when 13 is divided by o.
1
Let m = -17 - -7. Calculate the remainder when -6*m*(-1)/(-6) is divided by 4.
2
Let x = 386 - 196. Suppose 3*b + 0*k + 4*k - 114 = 0, 2*k + x = 5*b. Let p = -15 - -28. What is the remainder when b is divided by p?
12
Let c = -67 - -71. Calculate the remainder when c is divided by 2.
0
Suppose -6 = -3*l + u, -3*l - 3*u = -5 - 13. Calculate the remainder when 3 is divided by l.
0
Suppose 5*q + 4*j - 16 - 266 = 0, 0 = j + 2. Calculate the remainder when q is divided by 12.
10
What is the remainder when 30/4*32/20 is divided by 4?
0
Let c(k) = -k**3 - k**2 + 12. Calculate the remainder when 31 is divided by c(0).
7
Let j be -96 - 3*(-6)/9. Let r be j/(-14) + (-4)/(-14). Let z = -4 + r. Calculate the remainder when 5 is divided by z.
2
Let i(t) = -7*t + 1. Let n be i(-1). Suppose -n = -z + 12. What is the remainder when (156/16)/(1/4) is divided by z?
19
What is the remainder when 6 is divided by (6*(-3)/(-45))/(4/20)?
0
Suppose 4*u = -16, -2*l - 2*l = -u - 32. Suppose 0 = -4*q + 61 + l. Calculate the remainder when q is divided by 9.
8
Suppose -14*i = -9*i - 455. What is the remainder when i is divided by 25*1 + (-9 - -7)?
22
Let w = -11 + 13. Suppose -20 = w*m - 3*m. Suppose d - 6*d = -35. Calculate the remainder when m is divided by d.
6
Suppose 172 = -107*u + 109*u. What is the remainder when u is divided by 18?
14
Suppose -8 = s - 2. Calculate the remainder when -30*(16/s + 2) is divided by 11.
9
Let r = 11 + 1. What is the remainder when 26 is divided by 2/r + (-123)/(-18)?
5
Let j(s) = -2*s**2 - s + 6. Let f be j(-6). Suppose -v = 3*a - 5, 0 = 5*v + a - 10 - 1. What is the remainder when f/(-14) + (-6)/21 is divided by v?
0
Suppose 4*g + 10 = 162. Suppose 4*j - 112 = -3*s - 2*s, 2*s = 2*j - g. What is the remainder when 67 is divided by j?
21
Suppose -114 = -2*a + 110. Suppose -3*t + 154 = 3*c + 55, a = 4*t - c. Let x(m) = 3*m - 5. Calculate the remainder when t is divided by x(5).
9
Let q be ((-8)/(-12))/((-2)/9). Suppose -c + 145 = 4*p - 0*p, -55 = -2*p + 3*c. Let d = p + q. What is the remainder when d is divided by 17?
15
Let q(y) = y**3 - 2*y**2 - 3*y. Let c be q(3). Let w = 57 + -40. Suppose d = -c*d + w. Calculate the remainder when 50 is divided by d.
16
Let y(k) = 2*k**2 + 1. Let m be y(-4). Let f = -3 - -13. What is the remainder when m + -5 - 0/(-2) is divided by f?
8
Let d(i) be the seco